[INFO] fetching crate fern_macros 0.1.8...
[INFO] building fern_macros-0.1.8 against master#ff34b919075f35a1787659e9c448a34b06bab8de for issue-85264
[INFO] extracting crate fern_macros 0.1.8 into /workspace/builds/worker-7/source
[INFO] validating manifest of crates.io crate fern_macros 0.1.8 on toolchain ff34b919075f35a1787659e9c448a34b06bab8de
[INFO] running `Command { std: "/workspace/cargo-home/bin/cargo" "+ff34b919075f35a1787659e9c448a34b06bab8de" "metadata" "--manifest-path" "Cargo.toml" "--no-deps", kill_on_drop: false }`
[INFO] started tweaking crates.io crate fern_macros 0.1.8
[INFO] finished tweaking crates.io crate fern_macros 0.1.8
[INFO] tweaked toml for crates.io crate fern_macros 0.1.8 written to /workspace/builds/worker-7/source/Cargo.toml
[INFO] running `Command { std: "/workspace/cargo-home/bin/cargo" "+ff34b919075f35a1787659e9c448a34b06bab8de" "generate-lockfile" "--manifest-path" "Cargo.toml" "-Zno-index-update", kill_on_drop: false }`
[INFO] running `Command { std: "/workspace/cargo-home/bin/cargo" "+ff34b919075f35a1787659e9c448a34b06bab8de" "fetch" "--manifest-path" "Cargo.toml", kill_on_drop: false }`
[INFO] running `Command { std: "docker" "create" "-v" "/var/lib/crater-agent-workspace/builds/worker-7/target:/opt/rustwide/target:rw,Z" "-v" "/var/lib/crater-agent-workspace/builds/worker-7/source:/opt/rustwide/workdir:ro,Z" "-v" "/var/lib/crater-agent-workspace/cargo-home:/opt/rustwide/cargo-home:ro,Z" "-v" "/var/lib/crater-agent-workspace/rustup-home:/opt/rustwide/rustup-home:ro,Z" "-e" "SOURCE_DIR=/opt/rustwide/workdir" "-e" "CARGO_TARGET_DIR=/opt/rustwide/target" "-e" "CARGO_HOME=/opt/rustwide/cargo-home" "-e" "RUSTUP_HOME=/opt/rustwide/rustup-home" "-w" "/opt/rustwide/workdir" "-m" "1610612736" "--user" "0:0" "--network" "none" "ghcr.io/rust-lang/crates-build-env/linux@sha256:20528e8c29e4536546f0102ce88568b16ea7538393a33fcca951030f7af10457" "/opt/rustwide/cargo-home/bin/cargo" "+ff34b919075f35a1787659e9c448a34b06bab8de" "metadata" "--no-deps" "--format-version=1", kill_on_drop: false }`
[INFO] [stdout] e80a1841afca58689a103c78d674b1551b8716321aa23aa3052339d60266cf4c
[INFO] [stderr] WARNING: Your kernel does not support swap limit capabilities or the cgroup is not mounted. Memory limited without swap.
[INFO] running `Command { std: "docker" "start" "-a" "e80a1841afca58689a103c78d674b1551b8716321aa23aa3052339d60266cf4c", kill_on_drop: false }`
[INFO] running `Command { std: "docker" "inspect" "e80a1841afca58689a103c78d674b1551b8716321aa23aa3052339d60266cf4c", kill_on_drop: false }`
[INFO] running `Command { std: "docker" "rm" "-f" "e80a1841afca58689a103c78d674b1551b8716321aa23aa3052339d60266cf4c", kill_on_drop: false }`
[INFO] [stdout] e80a1841afca58689a103c78d674b1551b8716321aa23aa3052339d60266cf4c
[INFO] running `Command { std: "docker" "create" "-v" "/var/lib/crater-agent-workspace/builds/worker-7/target:/opt/rustwide/target:rw,Z" "-v" "/var/lib/crater-agent-workspace/builds/worker-7/source:/opt/rustwide/workdir:ro,Z" "-v" "/var/lib/crater-agent-workspace/cargo-home:/opt/rustwide/cargo-home:ro,Z" "-v" "/var/lib/crater-agent-workspace/rustup-home:/opt/rustwide/rustup-home:ro,Z" "-e" "SOURCE_DIR=/opt/rustwide/workdir" "-e" "CARGO_TARGET_DIR=/opt/rustwide/target" "-e" "CARGO_INCREMENTAL=0" "-e" "RUST_BACKTRACE=full" "-e" "RUSTFLAGS=--cap-lints=forbid" "-e" "CARGO_HOME=/opt/rustwide/cargo-home" "-e" "RUSTUP_HOME=/opt/rustwide/rustup-home" "-w" "/opt/rustwide/workdir" "-m" "1610612736" "--user" "0:0" "--network" "none" "ghcr.io/rust-lang/crates-build-env/linux@sha256:20528e8c29e4536546f0102ce88568b16ea7538393a33fcca951030f7af10457" "/opt/rustwide/cargo-home/bin/cargo" "+ff34b919075f35a1787659e9c448a34b06bab8de" "build" "--frozen" "--message-format=json", kill_on_drop: false }`
[INFO] [stdout] e2f9d32bbf169215354769cb330be831f0ee46bc42296c26c41e0205f044d560
[INFO] [stderr] WARNING: Your kernel does not support swap limit capabilities or the cgroup is not mounted. Memory limited without swap.
[INFO] running `Command { std: "docker" "start" "-a" "e2f9d32bbf169215354769cb330be831f0ee46bc42296c26c41e0205f044d560", kill_on_drop: false }`
[INFO] [stderr]    Compiling fern v0.1.12
[INFO] [stdout] error: malformed `unstable` attribute input
[INFO] [stdout]   --> /opt/rustwide/cargo-home/registry/src/github.com-1ecc6299db9ec823/fern-0.1.12/src/local.rs:23:1
[INFO] [stdout]    |
[INFO] [stdout] 23 | #[unstable]
[INFO] [stdout]    | ^^^^^^^^^^^ help: must be of the form: `#[unstable(feature = "name", reason = "...", issue = "N")]`
[INFO] [stdout] 
[INFO] [stdout] 
[INFO] [stdout] error: malformed `unstable` attribute input
[INFO] [stdout]   --> /opt/rustwide/cargo-home/registry/src/github.com-1ecc6299db9ec823/fern-0.1.12/src/local.rs:35:1
[INFO] [stdout]    |
[INFO] [stdout] 35 | #[unstable]
[INFO] [stdout]    | ^^^^^^^^^^^ help: must be of the form: `#[unstable(feature = "name", reason = "...", issue = "N")]`
[INFO] [stdout] 
[INFO] [stdout] 
[INFO] [stdout] error: malformed `unstable` attribute input
[INFO] [stdout]    --> /opt/rustwide/cargo-home/registry/src/github.com-1ecc6299db9ec823/fern-0.1.12/src/lib.rs:137:1
[INFO] [stdout]     |
[INFO] [stdout] 137 | #[unstable]
[INFO] [stdout]     | ^^^^^^^^^^^ help: must be of the form: `#[unstable(feature = "name", reason = "...", issue = "N")]`
[INFO] [stdout] 
[INFO] [stdout] 
[INFO] [stdout] error: malformed `unstable` attribute input
[INFO] [stdout]   --> /opt/rustwide/cargo-home/registry/src/github.com-1ecc6299db9ec823/fern-0.1.12/src/api.rs:10:5
[INFO] [stdout]    |
[INFO] [stdout] 10 |     #[unstable]
[INFO] [stdout]    |     ^^^^^^^^^^^ help: must be of the form: `#[unstable(feature = "name", reason = "...", issue = "N")]`
[INFO] [stdout] 
[INFO] [stdout] 
[INFO] [stdout] error: malformed `unstable` attribute input
[INFO] [stdout]  --> /opt/rustwide/cargo-home/registry/src/github.com-1ecc6299db9ec823/fern-0.1.12/src/api.rs:7:1
[INFO] [stdout]   |
[INFO] [stdout] 7 | #[unstable]
[INFO] [stdout]   | ^^^^^^^^^^^ help: must be of the form: `#[unstable(feature = "name", reason = "...", issue = "N")]`
[INFO] [stdout] 
[INFO] [stdout] 
[INFO] [stdout] error: malformed `unstable` attribute input
[INFO] [stdout]   --> /opt/rustwide/cargo-home/registry/src/github.com-1ecc6299db9ec823/fern-0.1.12/src/api.rs:15:1
[INFO] [stdout]    |
[INFO] [stdout] 15 | #[unstable]
[INFO] [stdout]    | ^^^^^^^^^^^ help: must be of the form: `#[unstable(feature = "name", reason = "...", issue = "N")]`
[INFO] [stdout] 
[INFO] [stdout] 
[INFO] [stdout] error: malformed `unstable` attribute input
[INFO] [stdout]   --> /opt/rustwide/cargo-home/registry/src/github.com-1ecc6299db9ec823/fern-0.1.12/src/api.rs:19:1
[INFO] [stdout]    |
[INFO] [stdout] 19 | #[unstable]
[INFO] [stdout]    | ^^^^^^^^^^^ help: must be of the form: `#[unstable(feature = "name", reason = "...", issue = "N")]`
[INFO] [stdout] 
[INFO] [stdout] 
[INFO] [stdout] error: malformed `unstable` attribute input
[INFO] [stdout]   --> /opt/rustwide/cargo-home/registry/src/github.com-1ecc6299db9ec823/fern-0.1.12/src/api.rs:26:5
[INFO] [stdout]    |
[INFO] [stdout] 26 |     #[unstable]
[INFO] [stdout]    |     ^^^^^^^^^^^ help: must be of the form: `#[unstable(feature = "name", reason = "...", issue = "N")]`
[INFO] [stdout] 
[INFO] [stdout] 
[INFO] [stdout] error: malformed `unstable` attribute input
[INFO] [stdout]   --> /opt/rustwide/cargo-home/registry/src/github.com-1ecc6299db9ec823/fern-0.1.12/src/api.rs:29:5
[INFO] [stdout]    |
[INFO] [stdout] 29 |     #[unstable]
[INFO] [stdout]    |     ^^^^^^^^^^^ help: must be of the form: `#[unstable(feature = "name", reason = "...", issue = "N")]`
[INFO] [stdout] 
[INFO] [stdout] 
[INFO] [stdout] error: malformed `unstable` attribute input
[INFO] [stdout]   --> /opt/rustwide/cargo-home/registry/src/github.com-1ecc6299db9ec823/fern-0.1.12/src/api.rs:32:5
[INFO] [stdout]    |
[INFO] [stdout] 32 |     #[unstable]
[INFO] [stdout]    |     ^^^^^^^^^^^ help: must be of the form: `#[unstable(feature = "name", reason = "...", issue = "N")]`
[INFO] [stdout] 
[INFO] [stdout] 
[INFO] [stdout] error: malformed `unstable` attribute input
[INFO] [stdout]   --> /opt/rustwide/cargo-home/registry/src/github.com-1ecc6299db9ec823/fern-0.1.12/src/api.rs:35:5
[INFO] [stdout]    |
[INFO] [stdout] 35 |     #[unstable]
[INFO] [stdout]    |     ^^^^^^^^^^^ help: must be of the form: `#[unstable(feature = "name", reason = "...", issue = "N")]`
[INFO] [stdout] 
[INFO] [stdout] 
[INFO] [stdout] error: malformed `unstable` attribute input
[INFO] [stdout]   --> /opt/rustwide/cargo-home/registry/src/github.com-1ecc6299db9ec823/fern-0.1.12/src/api.rs:23:1
[INFO] [stdout]    |
[INFO] [stdout] 23 | #[unstable]
[INFO] [stdout]    | ^^^^^^^^^^^ help: must be of the form: `#[unstable(feature = "name", reason = "...", issue = "N")]`
[INFO] [stdout] 
[INFO] [stdout] 
[INFO] [stdout] error: malformed `stable` attribute input
[INFO] [stdout]   --> /opt/rustwide/cargo-home/registry/src/github.com-1ecc6299db9ec823/fern-0.1.12/src/api.rs:39:1
[INFO] [stdout]    |
[INFO] [stdout] 39 | #[stable]
[INFO] [stdout]    | ^^^^^^^^^ help: must be of the form: `#[stable(feature = "name", since = "version")]`
[INFO] [stdout] 
[INFO] [stdout] 
[INFO] [stdout] error: malformed `unstable` attribute input
[INFO] [stdout]   --> /opt/rustwide/cargo-home/registry/src/github.com-1ecc6299db9ec823/fern-0.1.12/src/api.rs:47:5
[INFO] [stdout]    |
[INFO] [stdout] 47 |     #[unstable]
[INFO] [stdout]    |     ^^^^^^^^^^^ help: must be of the form: `#[unstable(feature = "name", reason = "...", issue = "N")]`
[INFO] [stdout] 
[INFO] [stdout] 
[INFO] [stdout] error: malformed `unstable` attribute input
[INFO] [stdout]   --> /opt/rustwide/cargo-home/registry/src/github.com-1ecc6299db9ec823/fern-0.1.12/src/api.rs:42:1
[INFO] [stdout]    |
[INFO] [stdout] 42 | #[unstable]
[INFO] [stdout]    | ^^^^^^^^^^^ help: must be of the form: `#[unstable(feature = "name", reason = "...", issue = "N")]`
[INFO] [stdout] 
[INFO] [stdout] 
[INFO] [stdout] error: malformed `unstable` attribute input
[INFO] [stdout]   --> /opt/rustwide/cargo-home/registry/src/github.com-1ecc6299db9ec823/fern-0.1.12/src/api.rs:58:1
[INFO] [stdout]    |
[INFO] [stdout] 58 | #[unstable]
[INFO] [stdout]    | ^^^^^^^^^^^ help: must be of the form: `#[unstable(feature = "name", reason = "...", issue = "N")]`
[INFO] [stdout] 
[INFO] [stdout] 
[INFO] [stdout] error: malformed `unstable` attribute input
[INFO] [stdout]   --> /opt/rustwide/cargo-home/registry/src/github.com-1ecc6299db9ec823/fern-0.1.12/src/config.rs:11:1
[INFO] [stdout]    |
[INFO] [stdout] 11 | #[unstable]
[INFO] [stdout]    | ^^^^^^^^^^^ help: must be of the form: `#[unstable(feature = "name", reason = "...", issue = "N")]`
[INFO] [stdout] 
[INFO] [stdout] 
[INFO] [stdout] error: malformed `unstable` attribute input
[INFO] [stdout]   --> /opt/rustwide/cargo-home/registry/src/github.com-1ecc6299db9ec823/fern-0.1.12/src/config.rs:31:5
[INFO] [stdout]    |
[INFO] [stdout] 31 |     #[unstable]
[INFO] [stdout]    |     ^^^^^^^^^^^ help: must be of the form: `#[unstable(feature = "name", reason = "...", issue = "N")]`
[INFO] [stdout] 
[INFO] [stdout] 
[INFO] [stdout] error: malformed `unstable` attribute input
[INFO] [stdout]   --> /opt/rustwide/cargo-home/registry/src/github.com-1ecc6299db9ec823/fern-0.1.12/src/config.rs:28:1
[INFO] [stdout]    |
[INFO] [stdout] 28 | #[unstable]
[INFO] [stdout]    | ^^^^^^^^^^^ help: must be of the form: `#[unstable(feature = "name", reason = "...", issue = "N")]`
[INFO] [stdout] 
[INFO] [stdout] 
[INFO] [stdout] error: malformed `unstable` attribute input
[INFO] [stdout]   --> /opt/rustwide/cargo-home/registry/src/github.com-1ecc6299db9ec823/fern-0.1.12/src/config.rs:52:5
[INFO] [stdout]    |
[INFO] [stdout] 52 |     #[unstable]
[INFO] [stdout]    |     ^^^^^^^^^^^ help: must be of the form: `#[unstable(feature = "name", reason = "...", issue = "N")]`
[INFO] [stdout] 
[INFO] [stdout] 
[INFO] [stdout] error: malformed `unstable` attribute input
[INFO] [stdout]   --> /opt/rustwide/cargo-home/registry/src/github.com-1ecc6299db9ec823/fern-0.1.12/src/config.rs:47:1
[INFO] [stdout]    |
[INFO] [stdout] 47 | #[unstable]
[INFO] [stdout]    | ^^^^^^^^^^^ help: must be of the form: `#[unstable(feature = "name", reason = "...", issue = "N")]`
[INFO] [stdout] 
[INFO] [stdout] 
[INFO] [stdout] error: malformed `unstable` attribute input
[INFO] [stdout]   --> /opt/rustwide/cargo-home/registry/src/github.com-1ecc6299db9ec823/fern-0.1.12/src/config.rs:72:5
[INFO] [stdout]    |
[INFO] [stdout] 72 |     #[unstable]
[INFO] [stdout]    |     ^^^^^^^^^^^ help: must be of the form: `#[unstable(feature = "name", reason = "...", issue = "N")]`
[INFO] [stdout] 
[INFO] [stdout] 
[INFO] [stdout] error: malformed `unstable` attribute input
[INFO] [stdout]   --> /opt/rustwide/cargo-home/registry/src/github.com-1ecc6299db9ec823/fern-0.1.12/src/config.rs:68:1
[INFO] [stdout]    |
[INFO] [stdout] 68 | #[unstable]
[INFO] [stdout]    | ^^^^^^^^^^^ help: must be of the form: `#[unstable(feature = "name", reason = "...", issue = "N")]`
[INFO] [stdout] 
[INFO] [stdout] 
[INFO] [stdout] error: malformed `unstable` attribute input
[INFO] [stdout]   --> /opt/rustwide/cargo-home/registry/src/github.com-1ecc6299db9ec823/fern-0.1.12/src/loggers.rs:90:1
[INFO] [stdout]    |
[INFO] [stdout] 90 | #[unstable]
[INFO] [stdout]    | ^^^^^^^^^^^ help: must be of the form: `#[unstable(feature = "name", reason = "...", issue = "N")]`
[INFO] [stdout] 
[INFO] [stdout] 
[INFO] [stdout] error[E0432]: unresolved import `std::old_io`
[INFO] [stdout]  --> /opt/rustwide/cargo-home/registry/src/github.com-1ecc6299db9ec823/fern-0.1.12/src/config.rs:1:5
[INFO] [stdout]   |
[INFO] [stdout] 1 | use std::old_io as io;
[INFO] [stdout]   |     ^^^^^^^^^^^^^^^^^ no `old_io` in the root
[INFO] [stdout] 
[INFO] [stdout] 
[INFO] [stdout] error[E0432]: unresolved import `std::old_io`
[INFO] [stdout]  --> /opt/rustwide/cargo-home/registry/src/github.com-1ecc6299db9ec823/fern-0.1.12/src/config.rs:2:10
[INFO] [stdout]   |
[INFO] [stdout] 2 | use std::old_io::stdio;
[INFO] [stdout]   |          ^^^^^^ could not find `old_io` in `std`
[INFO] [stdout] 
[INFO] [stdout] 
[INFO] [stdout] error[E0432]: unresolved import `std::old_io`
[INFO] [stdout]  --> /opt/rustwide/cargo-home/registry/src/github.com-1ecc6299db9ec823/fern-0.1.12/src/loggers.rs:1:5
[INFO] [stdout]   |
[INFO] [stdout] 1 | use std::old_io as io;
[INFO] [stdout]   |     ^^^^^^^^^^^^^^^^^ no `old_io` in the root
[INFO] [stdout] 
[INFO] [stdout] 
[INFO] [stdout] error[E0432]: unresolved import `std::old_io`
[INFO] [stdout]  --> /opt/rustwide/cargo-home/registry/src/github.com-1ecc6299db9ec823/fern-0.1.12/src/loggers.rs:2:10
[INFO] [stdout]   |
[INFO] [stdout] 2 | use std::old_io::stdio;
[INFO] [stdout]   |          ^^^^^^ could not find `old_io` in `std`
[INFO] [stdout] 
[INFO] [stdout] 
[INFO] [stdout] error[E0432]: unresolved import `std::old_io`
[INFO] [stdout]  --> /opt/rustwide/cargo-home/registry/src/github.com-1ecc6299db9ec823/fern-0.1.12/src/errors.rs:1:5
[INFO] [stdout]   |
[INFO] [stdout] 1 | use std::old_io as io;
[INFO] [stdout]   |     ^^^^^^^^^^^^^^^^^ no `old_io` in the root
[INFO] [stdout] 
[INFO] [stdout] 
[INFO] [stdout] error[E0412]: cannot find type `Path` in this scope
[INFO] [stdout]   --> /opt/rustwide/cargo-home/registry/src/github.com-1ecc6299db9ec823/fern-0.1.12/src/config.rs:35:10
[INFO] [stdout]    |
[INFO] [stdout] 35 |     File(Path),
[INFO] [stdout]    |          ^^^^ not found in this scope
[INFO] [stdout]    |
[INFO] [stdout] help: consider importing this struct
[INFO] [stdout]    |
[INFO] [stdout] 1  | use std::path::Path;
[INFO] [stdout]    |
[INFO] [stdout] 
[INFO] [stdout] 
[INFO] [stdout] error[E0412]: cannot find type `Path` in this scope
[INFO] [stdout]   --> /opt/rustwide/cargo-home/registry/src/github.com-1ecc6299db9ec823/fern-0.1.12/src/loggers.rs:76:29
[INFO] [stdout]    |
[INFO] [stdout] 76 |     pub fn with_file(path: &Path) -> io::IoResult<WriterLogger<io::File>> {
[INFO] [stdout]    |                             ^^^^ not found in this scope
[INFO] [stdout]    |
[INFO] [stdout] help: consider importing this struct
[INFO] [stdout]    |
[INFO] [stdout] 1  | use std::path::Path;
[INFO] [stdout]    |
[INFO] [stdout] 
[INFO] [stdout] 
[INFO] [stdout] error[E0405]: cannot find trait `FromError` in module `error`
[INFO] [stdout]   --> /opt/rustwide/cargo-home/registry/src/github.com-1ecc6299db9ec823/fern-0.1.12/src/errors.rs:11:13
[INFO] [stdout]    |
[INFO] [stdout] 11 | impl error::FromError<io::IoError> for Error {
[INFO] [stdout]    |             ^^^^^^^^^ not found in `error`
[INFO] [stdout] 
[INFO] [stdout] 
[INFO] [stdout] error[E0405]: cannot find trait `FromError` in module `error`
[INFO] [stdout]   --> /opt/rustwide/cargo-home/registry/src/github.com-1ecc6299db9ec823/fern-0.1.12/src/errors.rs:17:17
[INFO] [stdout]    |
[INFO] [stdout] 17 | impl <T> error::FromError<sync::PoisonError<T>> for Error {
[INFO] [stdout]    |                 ^^^^^^^^^ not found in `error`
[INFO] [stdout] 
[INFO] [stdout] 
[INFO] [stdout] error[E0734]: stability attributes may not be used outside of the standard library
[INFO] [stdout]    --> /opt/rustwide/cargo-home/registry/src/github.com-1ecc6299db9ec823/fern-0.1.12/src/lib.rs:137:1
[INFO] [stdout]     |
[INFO] [stdout] 137 | #[unstable]
[INFO] [stdout]     | ^^^^^^^^^^^
[INFO] [stdout] 
[INFO] [stdout] 
[INFO] [stdout] error[E0734]: stability attributes may not be used outside of the standard library
[INFO] [stdout]   --> /opt/rustwide/cargo-home/registry/src/github.com-1ecc6299db9ec823/fern-0.1.12/src/local.rs:23:1
[INFO] [stdout]    |
[INFO] [stdout] 23 | #[unstable]
[INFO] [stdout]    | ^^^^^^^^^^^
[INFO] [stdout] 
[INFO] [stdout] 
[INFO] [stdout] error[E0734]: stability attributes may not be used outside of the standard library
[INFO] [stdout]   --> /opt/rustwide/cargo-home/registry/src/github.com-1ecc6299db9ec823/fern-0.1.12/src/local.rs:35:1
[INFO] [stdout]    |
[INFO] [stdout] 35 | #[unstable]
[INFO] [stdout]    | ^^^^^^^^^^^
[INFO] [stdout] 
[INFO] [stdout] 
[INFO] [stdout] error[E0734]: stability attributes may not be used outside of the standard library
[INFO] [stdout]  --> /opt/rustwide/cargo-home/registry/src/github.com-1ecc6299db9ec823/fern-0.1.12/src/api.rs:7:1
[INFO] [stdout]   |
[INFO] [stdout] 7 | #[unstable]
[INFO] [stdout]   | ^^^^^^^^^^^
[INFO] [stdout] 
[INFO] [stdout] 
[INFO] [stdout] error[E0734]: stability attributes may not be used outside of the standard library
[INFO] [stdout]   --> /opt/rustwide/cargo-home/registry/src/github.com-1ecc6299db9ec823/fern-0.1.12/src/api.rs:10:5
[INFO] [stdout]    |
[INFO] [stdout] 10 |     #[unstable]
[INFO] [stdout]    |     ^^^^^^^^^^^
[INFO] [stdout] 
[INFO] [stdout] 
[INFO] [stdout] error[E0734]: stability attributes may not be used outside of the standard library
[INFO] [stdout]   --> /opt/rustwide/cargo-home/registry/src/github.com-1ecc6299db9ec823/fern-0.1.12/src/api.rs:15:1
[INFO] [stdout]    |
[INFO] [stdout] 15 | #[unstable]
[INFO] [stdout]    | ^^^^^^^^^^^
[INFO] [stdout] 
[INFO] [stdout] 
[INFO] [stdout] error[E0734]: stability attributes may not be used outside of the standard library
[INFO] [stdout]   --> /opt/rustwide/cargo-home/registry/src/github.com-1ecc6299db9ec823/fern-0.1.12/src/api.rs:19:1
[INFO] [stdout]    |
[INFO] [stdout] 19 | #[unstable]
[INFO] [stdout]    | ^^^^^^^^^^^
[INFO] [stdout] 
[INFO] [stdout] 
[INFO] [stdout] error[E0734]: stability attributes may not be used outside of the standard library
[INFO] [stdout]   --> /opt/rustwide/cargo-home/registry/src/github.com-1ecc6299db9ec823/fern-0.1.12/src/api.rs:23:1
[INFO] [stdout]    |
[INFO] [stdout] 23 | #[unstable]
[INFO] [stdout]    | ^^^^^^^^^^^
[INFO] [stdout] 
[INFO] [stdout] 
[INFO] [stdout] error[E0734]: stability attributes may not be used outside of the standard library
[INFO] [stdout]   --> /opt/rustwide/cargo-home/registry/src/github.com-1ecc6299db9ec823/fern-0.1.12/src/api.rs:26:5
[INFO] [stdout]    |
[INFO] [stdout] 26 |     #[unstable]
[INFO] [stdout]    |     ^^^^^^^^^^^
[INFO] [stdout] 
[INFO] [stdout] 
[INFO] [stdout] error[E0734]: stability attributes may not be used outside of the standard library
[INFO] [stdout]   --> /opt/rustwide/cargo-home/registry/src/github.com-1ecc6299db9ec823/fern-0.1.12/src/api.rs:29:5
[INFO] [stdout]    |
[INFO] [stdout] 29 |     #[unstable]
[INFO] [stdout]    |     ^^^^^^^^^^^
[INFO] [stdout] 
[INFO] [stdout] 
[INFO] [stdout] error[E0734]: stability attributes may not be used outside of the standard library
[INFO] [stdout]   --> /opt/rustwide/cargo-home/registry/src/github.com-1ecc6299db9ec823/fern-0.1.12/src/api.rs:32:5
[INFO] [stdout]    |
[INFO] [stdout] 32 |     #[unstable]
[INFO] [stdout]    |     ^^^^^^^^^^^
[INFO] [stdout] 
[INFO] [stdout] 
[INFO] [stdout] error[E0734]: stability attributes may not be used outside of the standard library
[INFO] [stdout]   --> /opt/rustwide/cargo-home/registry/src/github.com-1ecc6299db9ec823/fern-0.1.12/src/api.rs:35:5
[INFO] [stdout]    |
[INFO] [stdout] 35 |     #[unstable]
[INFO] [stdout]    |     ^^^^^^^^^^^
[INFO] [stdout] 
[INFO] [stdout] 
[INFO] [stdout] error[E0734]: stability attributes may not be used outside of the standard library
[INFO] [stdout]   --> /opt/rustwide/cargo-home/registry/src/github.com-1ecc6299db9ec823/fern-0.1.12/src/api.rs:39:1
[INFO] [stdout]    |
[INFO] [stdout] 39 | #[stable]
[INFO] [stdout]    | ^^^^^^^^^
[INFO] [stdout] 
[INFO] [stdout] 
[INFO] [stdout] error[E0734]: stability attributes may not be used outside of the standard library
[INFO] [stdout]   --> /opt/rustwide/cargo-home/registry/src/github.com-1ecc6299db9ec823/fern-0.1.12/src/api.rs:42:1
[INFO] [stdout]    |
[INFO] [stdout] 42 | #[unstable]
[INFO] [stdout]    | ^^^^^^^^^^^
[INFO] [stdout] 
[INFO] [stdout] 
[INFO] [stdout] error[E0734]: stability attributes may not be used outside of the standard library
[INFO] [stdout]   --> /opt/rustwide/cargo-home/registry/src/github.com-1ecc6299db9ec823/fern-0.1.12/src/api.rs:47:5
[INFO] [stdout]    |
[INFO] [stdout] 47 |     #[unstable]
[INFO] [stdout]    |     ^^^^^^^^^^^
[INFO] [stdout] 
[INFO] [stdout] 
[INFO] [stdout] error[E0734]: stability attributes may not be used outside of the standard library
[INFO] [stdout]   --> /opt/rustwide/cargo-home/registry/src/github.com-1ecc6299db9ec823/fern-0.1.12/src/api.rs:58:1
[INFO] [stdout]    |
[INFO] [stdout] 58 | #[unstable]
[INFO] [stdout]    | ^^^^^^^^^^^
[INFO] [stdout] 
[INFO] [stdout] 
[INFO] [stdout] error[E0734]: stability attributes may not be used outside of the standard library
[INFO] [stdout]   --> /opt/rustwide/cargo-home/registry/src/github.com-1ecc6299db9ec823/fern-0.1.12/src/config.rs:11:1
[INFO] [stdout]    |
[INFO] [stdout] 11 | #[unstable]
[INFO] [stdout]    | ^^^^^^^^^^^
[INFO] [stdout] 
[INFO] [stdout] 
[INFO] [stdout] error[E0734]: stability attributes may not be used outside of the standard library
[INFO] [stdout]   --> /opt/rustwide/cargo-home/registry/src/github.com-1ecc6299db9ec823/fern-0.1.12/src/config.rs:28:1
[INFO] [stdout]    |
[INFO] [stdout] 28 | #[unstable]
[INFO] [stdout]    | ^^^^^^^^^^^
[INFO] [stdout] 
[INFO] [stdout] 
[INFO] [stdout] error[E0734]: stability attributes may not be used outside of the standard library
[INFO] [stdout]   --> /opt/rustwide/cargo-home/registry/src/github.com-1ecc6299db9ec823/fern-0.1.12/src/config.rs:31:5
[INFO] [stdout]    |
[INFO] [stdout] 31 |     #[unstable]
[INFO] [stdout]    |     ^^^^^^^^^^^
[INFO] [stdout] 
[INFO] [stdout] 
[INFO] [stdout] error[E0734]: stability attributes may not be used outside of the standard library
[INFO] [stdout]   --> /opt/rustwide/cargo-home/registry/src/github.com-1ecc6299db9ec823/fern-0.1.12/src/config.rs:47:1
[INFO] [stdout]    |
[INFO] [stdout] 47 | #[unstable]
[INFO] [stdout]    | ^^^^^^^^^^^
[INFO] [stdout] 
[INFO] [stdout] 
[INFO] [stdout] error[E0734]: stability attributes may not be used outside of the standard library
[INFO] [stdout]   --> /opt/rustwide/cargo-home/registry/src/github.com-1ecc6299db9ec823/fern-0.1.12/src/config.rs:52:5
[INFO] [stdout]    |
[INFO] [stdout] 52 |     #[unstable]
[INFO] [stdout]    |     ^^^^^^^^^^^
[INFO] [stdout] 
[INFO] [stdout] 
[INFO] [stdout] error[E0734]: stability attributes may not be used outside of the standard library
[INFO] [stdout]   --> /opt/rustwide/cargo-home/registry/src/github.com-1ecc6299db9ec823/fern-0.1.12/src/config.rs:68:1
[INFO] [stdout]    |
[INFO] [stdout] 68 | #[unstable]
[INFO] [stdout]    | ^^^^^^^^^^^
[INFO] [stdout] 
[INFO] [stdout] 
[INFO] [stdout] error[E0734]: stability attributes may not be used outside of the standard library
[INFO] [stdout]   --> /opt/rustwide/cargo-home/registry/src/github.com-1ecc6299db9ec823/fern-0.1.12/src/config.rs:72:5
[INFO] [stdout]    |
[INFO] [stdout] 72 |     #[unstable]
[INFO] [stdout]    |     ^^^^^^^^^^^
[INFO] [stdout] 
[INFO] [stdout] 
[INFO] [stdout] error[E0734]: stability attributes may not be used outside of the standard library
[INFO] [stdout]   --> /opt/rustwide/cargo-home/registry/src/github.com-1ecc6299db9ec823/fern-0.1.12/src/loggers.rs:90:1
[INFO] [stdout]    |
[INFO] [stdout] 90 | #[unstable]
[INFO] [stdout]    | ^^^^^^^^^^^
[INFO] [stdout] 
[INFO] [stdout] 
[INFO] [stdout] error: aborting due to 57 previous errors
[INFO] [stdout] 
[INFO] [stdout] 
[INFO] [stdout] Some errors have detailed explanations: E0405, E0412, E0432, E0734.
[INFO] [stdout] 
[INFO] [stdout] For more information about an error, try `rustc --explain E0405`.
[INFO] [stdout] 
[INFO] [stderr] error: could not compile `fern`
[INFO] [stderr] 
[INFO] [stderr] To learn more, run the command again with --verbose.
[INFO] running `Command { std: "docker" "inspect" "e2f9d32bbf169215354769cb330be831f0ee46bc42296c26c41e0205f044d560", kill_on_drop: false }`
[INFO] running `Command { std: "docker" "rm" "-f" "e2f9d32bbf169215354769cb330be831f0ee46bc42296c26c41e0205f044d560", kill_on_drop: false }`
[INFO] [stdout] e2f9d32bbf169215354769cb330be831f0ee46bc42296c26c41e0205f044d560
